ded by m?
6
Let m(b) = 8*b - 11. What is the remainder when m(3) is divided by 9?
4
What is the remainder when 37 is divided by -1*40/(1 + -5)?
7
Suppose 0 = t + 2*f + 6, 2*t - f = 4*f + 33. Suppose -2*p = -11 - 29. Let g = p - t. What is the remainder when g is divided by 9?
7
Let r = -64 - -77. What is the remainder when 32 is divided by r?
6
Let o = 10 - -14. Calculate the remainder when o is divided by 14.
10
Suppose -a = 2*r + 3*a + 12, 0 = 4*r + 4*a + 12. Suppose 5*f + 48 = 3*h, f - 4*f = r. Suppose -c = 4*c - 235. Calculate the remainder when c is divided by h.
15
Let m = 18 + -17. Suppose -20 = -g - 1. Calculate the remainder when (m/(-3))/(13/(-1443)) is divided by g.
18
Let n(k) be the first derivative of 2*k**3/3 - 3*k**2/2 - 2. Let h be n(2). Calculate the remainder when 19 is divided by 1 - -10 - 2/h.
9
Let w(r) = r**3 - 8*r**2 + 10*r - 9. Calculate the remainder when 35 is divided by w(7).
11
Let k(i) = i**3 + 4*i**2 + i - 1. Let c(r) = -1 - 2*r**3 - r + 0*r - r**3. What is the remainder when k(-3) is divided by c(-1)?
2
Let n = -1 - -13. Calculate the remainder when 47 is divided by n.
11
Suppose 0*q + q + 10 = 0. Let n(s) = s**2 + 9*s + 8. What is the remainder when n(q) is divided by 10?
8
Suppose 2*u - 4 = 0, 4*i + 3 - 51 = -2*u. Suppose -39 = 2*d - r, 2*d + 27 + i = 2*r. Calculate the remainder when 18 is divided by 0 + -1*d/2.
8
Suppose -5*s - 2 + 13 = -q, 5*q - 5*s = -35. What is the remainder when 23 is divided by 2/(11/q + 2)?
11
Let k(x) = -x**3 - 4*x**2 + 2*x - 9. Calculate the remainder when 49/3 - 4/(-6) is divided by k(-5).
5
Let u(c) = -c + 3. Let a(q) = -5*q**3 - 1. What is the remainder when u(-8) is divided by a(-1)?
3
Let n(i) = 5*i - 2 + 4 + 1. Let t(j) = -6*j - 1. Let m be t(-1). Calculate the remainder when n(m) is divided by 10.
8
Suppose 5 = -5*w - 3*l, 0 = -2*w - l - 4*l - 2. Let a = 6 + w. Calculate the remainder when (-2)/6 - 84/(-9) is divided by a.
4
Let j = -6 + 32. What is the remainder when 75 is divided by j?
23
Suppose 0 = 2*w + 5*y - 27, -6 = 3*w - 4*w - 5*y. Calculate the remainder when 62 is divided by w.
20
Calculate the remainder when 1001/21*(-3)/(-1) is divided by 36.
35
Let t = -9 - -14. Calculate the remainder when 17 is divided by t.
2
Let f = 45 + -22. Let g = 11 + -3. What is the remainder when f is divided by g?
7
Let w(s) = s + 7. Suppose -5*d + 5*m + 115 = 0, 3*m = d - 5*d + 64. What is the remainder when d is divided by w(-3)?
3
Suppose 6*s - s - 15 = 0. Let p(u) = u**3 + 5*u**2 - u - 2. Let h be p(-5). Suppose t + h*t = 16. Calculate the remainder when t is divided by s.
1
Let o = 16 + -11. Suppose -18 = -2*u + 3*i, u + i = o - 1. What is the remainder when 11 is divided by u?
5
Let m be 396/14 + 6/(-21). Suppose 2*p = -4*c + 12, 4*c - p - m = p. What is the remainder when 8 is divided by c?
3
Suppose 0 = -14*i + 77 + 189. Calculate the remainder when i is divided by 7.
5
Suppose 2*d = 5*m + 16, -2*m - 16 = -6*d + 2*d. Suppose -4*f + 7 = 2*s - 5, d*s = 4*f + 8. Calculate the remainder when 11 is divided by s.
3
Let t = 46 + -29. Calculate the remainder when t is divided by 6.
5
Suppose 5*c - 23 = 17. Let v(f) = 6*f - 1. Calculate the remainder when v(5) is divided by c.
5
Suppose 4*k - 3*b - 2*b + 25 = 0, 4*b - 20 = 2*k. Let f = k - -5. What is the remainder when ((-9)/6)/(2/(-12)) is divided by f?
4
Let a(j) = j - 5. Let x be a(4). Let w be (-4*1)/(1/x). Suppose 3*l - 96 = -2*m, 0*l + w*l = -5*m + 135. Calculate the remainder when l is divided by 16.
14
Suppose c - 2 = -c. Let p(t) = 9*t. What is the remainder when 24 is divided by p(c)?
6
Suppose -3 = -p - 5. Let m(o) = -3*o**3 - 4*o**2 - 3*o - 1. What is the remainder when 25 is divided by m(p)?
12
Let j = -86 - -129. What is the remainder when j is divided by 24?
19
Let t = 0 - -3. Suppose 9*r - 8*r - t = 0. What is the remainder when 9 is divided by r?
0
Let q(p) = 36*p**2. Let i be q(1). Let a = 61 - i. What is the remainder when 2 - (-184)/(5 + -1) is divided by a?
23
Let r(m) = m**2 - 24. Calculate the remainder when r(-9) is divided by 6.
3
Let j = 99 - 59. Calculate the remainder when 239 is divided by j.
39
Suppose 3*s - 45 = -g, -3*g - 75 = -5*s - 0*g. Calculate the remainder when 28 is divided by s.
13
Let r(u) = -22*u**3 + u + 1. Let l be 12/4*(-1)/3. What is the remainder when r(l) is divided by 8?
6
Let m(a) = -a**2 + 10*a + 8. Calculate the remainder when m(8) is divided by 14.
10
What is the remainder when 24 + 4/(16/12) is divided by 7?
6
Let d be 0/(-6 - (1 - 4)). What is the remainder when (-3)/(d + 3 + -4) is divided by 1?
0
Let j(a) = -5*a. What is the remainder when j(-3) is divided by 9?
6
Let q = -1 + 2. Suppose -4*y = y + 10. What is the remainder when q is divided by (-3 - y)/(-1 + 0)?
0
Calculate the remainder when (-2)/4 - 762/(-4) is divided by 32.
30
Suppose 3*h + 2*y - 6 = 0, 4*h = 5*h - y - 7. What is the remainder when 14 is divided by h?
2
Suppose o = q - 132, -q - 5*o + 28 = -92. Calculate the remainder when q is divided by 12.
10
Let j(i) = 6*i**2 - 17*i - 2. Let u(b) = -8*b**3 + 2*b**2 + 2*b + 1. What is the remainder when j(4) is divided by u(-1)?
8
Let f(r) = -r**3 + r**2 - r + 1. Let g be f(0). Let i = 2 + g. Suppose i*t = 55 + 8. What is the remainder when t is divided by 11?
10
Let t(l) = 2*l + 1. Let d be t(-1). Let i be (-2 - 0 - 1)*d. Suppose -5*a + i*a = -32. Calculate the remainder when a is divided by 6.
4
Suppose -2*k - 528 = -2*u, 6*k - 4*k + 797 = 3*u. Calculate the remainder when u is divided by 54.
53
Suppose 6*y - 152 = 2*y - r, 0 = y + 5*r - 19. What is the remainder when y is divided by 10?
9
Suppose -7*h = -2*h. Suppose h = 6*w - 9*w + 33. Calculate the remainder when 30 is divided by w.
8
Let y(q) = 7*q - 6. Let f be y(10). Suppose -3*w - w = -f. Calculate the remainder when 46 is divided by w.
14
Let v be 10/(4/12*2). Suppose 3*l = -0*l + v. Calculate the remainder when 9 is divided by l.
4
Let r = 17 - 14. What is the remainder when 14 is divided by r?
2
Suppose -15 = -4*w + 9. Calculate the remainder when 43 is divided by (-2)/(-3)*99/w.
10
Let o = -20 + 41. Let u be -2*o/12*-8. Suppose -3*n + 2*n = -u. Calculate the remainder when n is divided by 10.
8
Let t(r) = r**2 - 12*r - 14. Calculate the remainder when t(15) is divided by 17.
14
Let x(s) = 5*s. What is the remainder when 9 is divided by x(1)?
4
Suppose 17*k - k = 1632. Suppose -4*j = -4*x - 70 - 26, 10 = 5*x. What is the remainder when k is divided by j?
24
Suppose 0 = -5*j + j + 40. Suppose -3*x + 2*t + 74 = -41, x - 27 = -5*t. What is the remainder when x is divided by j?
7
Let s(p) = -5*p + 3. Calculate the remainder when s(-4) is divided by 6.
5
Let a = -29 + 35. What is the remainder when 47 is divided by a?
5
Suppose -3*i + 32 = -3*q - 16, 2*i = 5*q + 29. Calculate the remainder when i is divided by 10.
7
Let z = 183 - 104. Calculate the remainder when z is divided by -4 + (0 - -21) + 3.
19
Let j(y) = y**3 - 7*y**2 - 9*y + 6. Let p be j(6). Let w = 129 + p. What is the remainder when w is divided by 16?
13
Let f(n) = n**3 + n**2 - n - 8. Let i be f(0). Let s = -19 - i. What is the remainder when 20 is divided by (s/(-2))/((-1)/(-2))?
9
Let a(z) = -z. Let m be a(4). Suppose -y + 5*t - 12 = -3*y, -4*y = 5*t - 14. What is the remainder when 5 is divided by 1 - (m + 1) - y?
2
Let i = 63 - 11. Let s(h) = 3*h**2 + 4*h + 3. Calculate the remainder when i is divided by s(-3).
16
Let z = 20 - 14. Calculate the remainder when 0/3 - 1 - -24 is divided by z.
5
Let q = 85 + -62. What is the remainder when 135 is divided by q?
20
Let r be ((-2)/(-4))/((-2)/4). Let t(f) = -18*f**3 - 1. What is the remainder when t(r) is divided by 6?
5
Suppose -v = 5 - 0. What is the remainder when 9 is divided by (-6)/(-3) - v - 2?
4
Let c be -2*((-3)/2)/3. Let p(v) = 49*v**3 + v**2. Let k = 47 + -30. Calculate the remainder when p(c) is divided by k.
16
Let p = -109 + 116. What is the remainder when p is divided by 3?
1
Let d = 2 + 1. Let c(t) = 2*t**2 - 15*t - 3. Let m(l) = -l**2 + 7*l + 1. Let a(b) = -6*c(b) - 13*m(b). What is the remainder when a(3) is divided by d?
2
Let p be (-1 - (-2 - 0)) + 8. Let t(u) be the first derivative of -u**3/3 + 6*u**2 + 4*u - 15. What is the remainder when t(p) is divided by 11?
9
Let h = 7 + -